at is the tens digit of (c - (-2 - 0))*-16?
1
Let h = -9 - -13. Let n(s) = 4 - 3*s + h*s + 6 + 0*s. What is the units digit of n(-8)?
2
Let b = 820 - 549. What is the hundreds digit of b?
2
Suppose o = -0*o + 4. Let n be ((-142)/o)/(3/(-6)). Suppose 50 = 3*v + v - 5*a, -n = -5*v + 2*a. What is the units digit of v?
5
Let j(c) = c**2 + 5*c. Let u = -2 + -4. What is the units digit of j(u)?
6
Suppose 2*k = 3*s - 2*s + 7, -4*k = 3*s + 1. Let y be -2 + 7 + 1 + -2. Suppose -3*t - k*j + 76 = -4*j, -y*j + 128 = 4*t. What is the tens digit of t?
2
What is the hundreds digit of -8*(-13470)/(-320)*-4?
3
Let a(v) = v**2 + v. Let g be a(-2). Suppose 3*d + j = 191, 2*j + 0*j + 122 = g*d. Let h = -17 + d. What is the tens digit of h?
4
Let t be 15/4 + 13/52. Suppose -3*j - l + 35 + 92 = 0, 4*l = -t*j + 180. What is the units digit of j?
1
Suppose 39 = -5*m - 41. Let w be ((-1)/(-2))/((-4)/72). Let p = w - m. What is the units digit of p?
7
Let s(h) = -h**3 - 10*h**2. Let c(f) = f**3 + 9*f**2 - f. Let k(r) = 3*c(r) + 2*s(r). Let d be (171/18 - 8)*-1*4. What is the tens digit of k(d)?
5
Suppose 7 = -3*b + 25. What is the tens digit of b/(120/335) + 1/4?
1
Suppose 215 + 793 = 8*c. Suppose 2*j = -4*o + c, 0 = -3*o - 2*o - 4*j + 156. What is the tens digit of o?
3
Let w = 1 - 2. Let m be 3 + -4 - -2 - w. Suppose -20 = -m*k + k. What is the tens digit of k?
2
What is the tens digit of (-28)/(-84) + 3/((-27)/(-38112))?
3
Let p = 35 - 35. Suppose p = 2*o - 44 - 38. What is the tens digit of o?
4
Let l be ((-28)/42)/((-2)/3). Suppose 4*x + 5*z = -0*z + 21, -x + 2 = -2*z. What is the units digit of (l/(-3))/(x/(-348))?
9
Let p(f) = f**2 - 4*f + 3. What is the units digit of p(4)?
3
Let z = 1229 - 705. What is the hundreds digit of z?
5
What is the units digit of (-2117 + -1)*34/(-68)?
9
Let x be -4 + 7 - (12 - -1). Let i(o) = -o**2 - 6*o - 5. Let f be i(x). Let k = f - -67. What is the units digit of k?
2
Suppose 0 = 4*b - 4*v - 32, 0 = 2*b + 3*v - 9 - 12. Suppose -2*x + b*x - 98 = 0. What is the units digit of x?
4
What is the tens digit of (222/(-10) + 5)*-30?
1
What is the units digit of 16929/(-594)*(-17 + 0 + -1)?
3
Suppose 15662 - 80129 = -39*m. What is the tens digit of m?
5
Let s(r) = -19*r - 198. What is the hundreds digit of s(-18)?
1
Suppose 5*k = 2*h - 11, -3*h - 4*k + 24 = -4. Suppose h*c - c = 0. Suppose 0 = 3*g - c*g - 2*y - 157, 3*g = y + 158. What is the tens digit of g?
5
What is the units digit of (-645 - 2)/(15 - 16)?
7
Suppose 53*q - 52*q = 272. What is the hundreds digit of q?
2
Let u(j) = -121*j - 30. What is the units digit of u(-4)?
4
Suppose -1330 = -h + 1332. What is the thousands digit of h?
2
Suppose -4*l + 408 = -1116. What is the hundreds digit of l?
3
Let c = 440 + -37. What is the hundreds digit of c?
4
Suppose -8*d + 1424 = -2344. What is the hundreds digit of d?
4
Suppose 1971 = -4*z + 3*c, -5*z + 2*c - 737 - 1732 = 0. What is the units digit of (1 - z/(-6))*(-6)/3?
3
Suppose h = -1, 3*g + 10 = 4*g - 5*h. Suppose -2*m - 2*t = -98, -g*m + 3*t + 150 = -119. What is the units digit of m?
2
Let j = 38 - 36. Suppose -c - j*c = -93. What is the tens digit of c?
3
Suppose -8*y + 3050 = -2214. What is the hundreds digit of y?
6
Suppose -6360 = -69*z + 54*z. What is the units digit of z?
4
Let d(o) = o**3 + 5*o**2 - 5*o - 2. Let x = 2 - 7. What is the units digit of d(x)?
3
Let g = -131 + 134. Suppose 4*c = -5*r + 4, -3*c = -2*r - 5 + 2. Suppose g*n = 5*a - 135, r = 4*n - 6*n. What is the tens digit of a?
2
Let l = 10 - 7. Suppose -c - l = -4*g, 4 + 0 = 5*c - g. Let r(y) = 40*y - 1. What is the tens digit of r(c)?
3
Suppose 1965 = 3*h - 2*s, 1310 = 2*h + 4*s - 0*s. What is the units digit of h?
5
Let o(g) = -3*g + 2. Let f be o(-3). Let v be 3 + (4/(-3) - (-2)/(-3)). Suppose f + v = 2*p. What is the units digit of p?
6
Let z be 35/(-10) - 3/(-6). Let o(x) = -6*x**3 + 5*x + 7. What is the tens digit of o(z)?
5
Let j(v) = 6 + 1 - 4*v - 5. Let n be j(2). What is the units digit of (2 - n) + 1/(-1)?
7
What is the hundreds digit of 4 - (-6)/(-6) - -618?
6
Let c(t) = -t**2 + 2*t + 18. Let u(w) = -w**3 - w**2 - 5. Let p be u(0). Let q = 5 + p. What is the units digit of c(q)?
8
Let o(d) = 2*d**2 + 64*d + 16. What is the tens digit of o(-39)?
6
Let j(x) = -x**2 - 5*x + 16. Suppose q = -0 + 2. Suppose 2*h + 2*h + 27 = y, -26 = 4*h - q*y. What is the units digit of j(h)?
2
Let v(f) = 4*f**2 + 18*f + 230. What is the units digit of v(-10)?
0
Let h(v) = v**3 + 15*v**2 + 4*v + 16. Let b(s) = -2*s**3 - 29*s**2 - 7*s - 31. Let u(o) = -6*b(o) - 11*h(o). Let w = -3 + -6. What is the tens digit of u(w)?
2
Suppose -5*s = 2*p - 254, 0 = -p + 13*s - 10*s + 127. What is the hundreds digit of p?
1
Let n = 102 + 1. Suppose -2*a + 3*m + 241 = 0, -3*a + 264 + n = m. What is the hundreds digit of a?
1
What is the tens digit of (((-1)/2)/((-3)/1992))/2?
6
Let q(s) = -15*s - 11. Let w(b) = -286*b - 209. Let y(m) = 77*q(m) - 4*w(m). What is the tens digit of y(-8)?
7
Let x = 158 - 228. Let t = -4 - x. What is the units digit of t?
6
Let g(j) = -3*j + 4. Let k be g(-4). Let f be (k/(-12))/(4/6). What is the units digit of f/18 + 512/72?
7
Let g(u) = -3*u**2 + 7*u + 8. Let a(m) = -m**2 + 3*m + 4. Let z(v) = 5*a(v) - 2*g(v). What is the tens digit of z(-6)?
3
Let a = -37 - -37. Suppose 5*i = -3*l - 11, a*l - 3*i = 4*l. Suppose r = -l*r + 240. What is the tens digit of r?
6
Suppose 18*q - 1728 = 10*q. What is the units digit of 4 - 1 - (-8 - q)?
7
Let o be (11/11)/((-2)/(-10)). Let z = -23 + o. What is the units digit of 40/3 + 6/z?
3
Let h = -5691 + 10413. What is the thousands digit of h?
4
Suppose -10 = -5*k, -n - 3*k + 4026 = n. What is the thousands digit of n?
2
Let c(y) = -y**3 + 3*y**2 + 3. Let l be c(3). Suppose -2*x + 2*b = 48, -4*x = -3*x - l*b + 34. What is the tens digit of ((-1)/(-3))/(x/(-3648))?
6
Let q be (33/(-2))/(21/(-112)). Suppose -17*x = -564 + q. What is the tens digit of x?
2
Suppose 5*u = 5*m + 135, 0 = u + 5*m - 8 - 1. Suppose -2*k + u = -176. Suppose 3*b - 29 = k. What is the units digit of b?
3
Suppose 2*i + 4*j = 45 - 5, 0 = -4*i + 3*j + 25. Suppose 5*k = i*k - 485. What is the units digit of k?
7
Let t = 71 + -70. What is the tens digit of t/(4*(-2)/(-488))?
6
Suppose f + 343 = -3*u, 3*f = -17 + 5. Let p = -43 - u. Let h = p - 41. What is the tens digit of h?
2
Let y(t) = t + 3. Let w be y(19). Let u = 34 - w. What is the units digit of u?
2
Let x(i) = -i - 11. Let j be x(4). Let h = 10 - j. What is the tens digit of h?
2
Let t(w) = -w**3 - w**2 + w + 1. Let z(n) = -4*n**3 + 7*n**2 - 31*n + 17. Let d(o) = 5*t(o) - z(o). What is the units digit of d(-15)?
3
Let y(w) = 51*w - 8. Let s be y(2). Suppose -j + 6*b = 5*b - s, 3*j + 3*b = 282. What is the units digit of j?
4
What is the units digit of (802 - -33)/(10/4)?
4
Let i(h) = 27*h**2 + 315*h - 32. What is the thousands digit of i(-19)?
3
Let a = -7 + 1. Let d = 4 + a. What is the units digit of 1/(d/(-18)*3)?
3
Suppose 17675 + 13051 = 27*k. What is the tens digit of k?
3
What is the tens digit of ((-7368)/8 - -2)*-1?
1
Let m be (-12)/(-15) + -1 + (-4230)/(-25). Suppose m + 475 = 4*w. What is the units digit of w?
1
Suppose 26*n = 24*n + 3904. What is the thousands digit of n?
1
Let o = -820 + 1246. What is the units digit of o?
6
Let y(p) = p**3 - 17*p**2 + 25*p + 44. What is the tens digit of y(18)?
1
Suppose 0*s = 11*s - 14091. What is the tens digit of s?
8
Let z(u) = 6*u**2 - 15*u - 59. What is the units digit of z(11)?
2
Let s be 1 + (2 - (78 + 4)). Let l = s - -143. What is the tens digit of l?
6
Let x(n) be the first derivative of -7*n**4/4 + n**3/3 + 2*n**2 + 6. Let y be x(-3). Suppose 5*k - y = -41. What is the units digit of k?
9
Let s = -23 - -13. Let m(g) = -g**2 - 13*g - 2. Let z be m(s). Suppose -n + 0*n = -z. What is the units digit of n?
8
Suppose -504 = 9*s - 13*s. What is the hundreds digit of s?
1
Suppose -4*k = -6*a + 9*a - 4429, 0 = -4*a - 20. What is the units digit of k?
1
Suppose 0 = -11*j + 15*j - 456. What is the tens digit of j?
1
Let w = -29 - -17. What is the units digit of (-9)/(-3)*(-20)/w?
5
Suppose 15 = 3*h + 2*h. Let x be 3/h - 25*3. Let m = -38 - x. What is the tens digit of m?
3
Let a(x) = x**2 - 42. What is the tens digit of a(14)?
5
Let z = -37 + 269. 